20341
In base 14, what is 132 + -160?
-2c
In base 5, what is -20 - -104101?
104031
In base 15, what is 3 + -769?
-766
In base 11, what is 5 + -4151a?
-41515
In base 5, what is -11011 + -103?
-11114
In base 14, what is -2b - b6?
-103
In base 12, what is -36 + 320?
2a6
In base 10, what is 7057 - -31?
7088
In base 10, what is -16681 + -17?
-16698
In base 13, what is 6 + -960?
-957
In base 14, what is -1a - 77a?
-796
In base 5, what is 142 - 2031032?
-2030340
In base 13, what is 1805 + -2c4?
1511
In base 5, what is -111443 + 33?
-111410
In base 11, what is -13 + -9362?
-9375
In base 3, what is -12 - -2000210001022?
2000210001010
In base 16, what is 3b - -5f3d?
5f78
In base 11, what is -1008 + -169?
-1176
In base 4, what is 1132123233 + 3?
1132123302
In base 6, what is 23250501 - -12?
23250513
In base 4, what is 11 - 2023331?
-2023320
In base 13, what is 86 + 597b?
5a34
In base 8, what is -42 + 11?
-31
In base 9, what is -665 - -1011?
235
In base 8, what is -32076 + 64?
-32012
In base 10, what is 96 - -11268?
11364
In base 10, what is 1509 + -220?
1289
In base 16, what is 2ac2 - 2?
2ac0
In base 9, what is -1055 + 24?
-1031
In base 2, what is 100 + -1100100101010?
-1100100100110
In base 6, what is 5 + -1051105?
-1051100
In base 12, what is 15 + 17167?
17180
In base 2, what is -1001100 + -11111000?
-101000100
In base 2, what is -11100 - -1110011010000?
1110010110100
In base 9, what is -17 - -17177?
17160
In base 2, what is 10 - 100011101011111110?
-100011101011111100
In base 13, what is -4 - -6129?
6125
In base 12, what is -1542b + 37?
-153b4
In base 7, what is 0 - 106243?
-106243
In base 4, what is 0 + 330120130?
330120130
In base 12, what is 5410 - 15?
53b7
In base 9, what is -1325 - -242?
-1073
In base 15, what is 22ab2 - 4?
22aad
In base 8, what is -6 + -64070?
-64076
In base 6, what is 0 + -11105?
-11105
In base 5, what is 0 - -2140324?
2140324
In base 8, what is 3 + -102567?
-102564
In base 10, what is -9900 - 3?
-9903
In base 4, what is -1013 - 1331101?
-1332120
In base 13, what is b - 44b?
-440
In base 9, what is 8230850 + -5?
8230844
In base 6, what is -5 - -10203352?
10203343
In base 4, what is -2 - -3333101?
3333033
In base 5, what is -233 - -2142?
1404
In base 15, what is -bb4 + -14c?
-d11
In base 16, what is -288 + -5d3?
-85b
In base 15, what is 5084 - 0?
5084
In base 10, what is -1 - 237275?
-237276
In base 3, what is 1002220010 + 1?
1002220011
In base 16, what is -2116 - -7?
-210f
In base 9, what is -1081 + 188?
-782
In base 15, what is 2 - 42e1c?
-42e1a
In base 3, what is 200101 - -1122011?
2022112
In base 10, what is -1 - 284456?
-284457
In base 12, what is -357a2 - 40?
-35822
In base 8, what is 7034 - 7?
7025
In base 11, what is 10864a - 1?
108649
In base 2, what is 100011000001010001 - -1?
100011000001010010
In base 2, what is 1 + 101101001?
101101010
In base 4, what is 120231 - -21?
120312
In base 15, what is -a430 - -3?
-a42c
In base 12, what is 37a - -3?
381
In base 8, what is -4 + -106?
-112
In base 5, what is -4 + 40404343?
40404334
In base 16, what is 3 + -3856?
-3853
In base 9, what is -2 + 206226?
206224
In base 10, what is -159 - 2108?
-2267
In base 12, what is 4 - -17529?
17531
In base 11, what is 1813a - 25?
18115
In base 11, what is 16 - 1528?
-1512
In base 10, what is 22685 + 4?
22689
In base 15, what is 10 - 11c?
-10c
In base 11, what is 185 - 3a0?
-216
In base 2, what is 11111111 - -101000100?
1001000011
In base 7, what is 4 - -50550?
50554
In base 12, what is 1 - 1a00?
-19bb
In base 7, what is 3142 - 661?
2151
In base 5, what is 30213141 - 1?
30213140
In base 10, what is 0 + -467?
-467
In base 7, what is -4 - 254403?
-254410
In base 6, what is -11 + -4021510?
-4021521
In base 11, what is 1275619 + -1?
1275618
In base 7, what is -1130 - 36?
-1166
In base 4, what is 11 - -2220110?
2220121
In base 14, what is 47430 + 4?
47434
In base 3, what is -20102 - -12?
-20020
In base 4, what is -2312013 + 11?
-2312002
In base 12, what is -1b + -96?
-b5
In base 9, what is -26047 + -6?
-26054
In base 5, what is -124142 + -1212?
-130404
In base 9, what is 4 - 530461?
-530456
In base 14, what is -98b + -243?
-bd0
In base 6, what is 2 + 14314?
14320
In base 12, what is 7 + 1675?
1680
In base 7, what is 200 + 2132?
2332
In base 2, what is 1001110 + -1011101100110?
-1011100011000
In base 4, what is -102232 + 1000?
-101232
In base 5, what is -202 + 2040?
1333
In base 3, what is -10 - -22112021?
22112011
In base 15, what is -12 + 4995?
4983
In base 10, what is -1141768 + 4?
-1141764
In base 15, what is 10a75 - -8?
10a7d
In base 10, what is -16 - -2576?
2560
In base 15, what is 1b848 + -2?
1b846
In base 16, what is -16f + -5?
-174
In base 12, what is 7a99 - -5?
7aa2
In base 9, what is -40 + 8656?
8616
In base 2, what is -10010100110111 + 100?
-10010100110011
In base 6, what is -5 + 14211322?
14211313
In base 2, what is 1001000 + -111101100?
-110100100
In base 15, what is -167b + 3?
-1678
In base 11, what is -1884 - 50?
-1924
In base 12, what is 9b + 84?
163
In base 4, what is 1 - 1302103?
-1302102
In base 16, what is 0 + -e7d4?
-e7d4
In base 9, what is 5065 - -31?
5106
In base 11, what is 0 + -40a40?
-40a40
In base 5, what is 34 + -14203023?
-14202434
In base 5, what is -32432 + 3322?
-24110
In base 4, what is 2323 + 30?
3013
In base 6, what is -2 - 145244?
-145250
In base 4, what is 20 - -13203101?
13203121
In base 10, what is 14429 + 103?
14532
In base 12, what is 12690 - 7?
12685
In base 6, what is 2250422 + 0?
2250422
In base 14, what is -4 - -17d0ad?
17d0a9
In base 8, what is -12635 + 1147?
-11466
In base 7, what is -13123 + 36?
-13054
In base 3, what is 102112000 - 2212?
102102011
In base 2, what is -100101111111010 - 111?
-100110000000001
In base 15, what is -89 + 110?
76
In base 15, what is 6d3 + 706?
dd9
In base 7, what is 5114 + 406?
5523
In base 14, what is -1b - -6a31?
6a14
In base 4, what is 103031 + -302?
102123
In base 10, what is -2 - -96525?
96523
In base 10, what is -22059 - -5?
-22054
In base 9, what is 676806 - -3?
676810
In base 16, what is 60f - -3d?
64c
In base 7, what is 6 - -63613?
63622
In base 14, what is -15 - -3046b?
30456
In base 7, what is 4 - 12111?
-12104
In base 3, what is 221011 + -202012?
11222
In base 6, what is -443 - 1035?
-1522
In base 5, what is -3 + 322414244?
322414241
In base 6, what is 11204235 + 0?
11204235
In base 9, what is -6642672 + -2?
-6642674
In base 4, what is -2322 - -21012?
12030
In base 6, what is 42 + -132344?
-132302
In base 5, what is 4 + 440230?
440234
In base 15, what is 4664 - -1?
4665
In base 2, what is 1000111010000 + 10001?
1000111100001
In base 4, what is -2210202033 - -12?
-2210202021
In base 9, what is 16516 - 86?
16420
In base 7, what is -5 + -1026122?
-1026130
In base 8, what is 46042 - -14?
46056
In base 2, what is 100101 - 100101110?
-100001001
In base 16, what is 31045 - -3?
31048
In base 3, what is 2120120102121 + -12?
2120120102102
In base 5, what is -1 + 40413?
40412
In base 10, what is -4 + -12489?
-12493
In base 14, what is 22a4 - -40?
2304
In base 15, what is b4 - -13e?
203
In base 15, what is d + 10d5?
10e3
In base 4, what is 13 - -230203?
230222
In base 16, what is -867 + 4?
-863
In base 16, what is -75 - -a3?
2e
In base 14, what is -11 - 75b?
-76c
In base 8, what is 42242 - 3?
42237
In base 15, what is -34 - 60b?
-640
In base 13, what is -3 + -3b2?
-3b5
In base 14, what is -663 + -18c?
-811
In base 11, what is -210 + 50?
-170
In base 2, what is 11111110101010111010 - 11?
11111110101010110111
In base 9, what is -4752 + 52?
-4700
In base 15, what is 30 + 3012?
3042
In base 9, what is -7 - -8357?
8350
In base 15, what is 5 - -1bc2a?
1bc30
In base 10, what is 65426 + -1?
65425
In base 2, what is 100 + 10101111111010010000?
10101111111010010100
In base 9, what is 253 - -112?
365
In base 12, what is -148 - -b6?
-52
In base 6, what is -523104 + -4?
-523112
In base 6, what is 1325103 - 0?
1325103
In base 16, what is -5 - -3111b?
31116
In base 7, what is 362206 - 34?
362142
In base 3, what is 2002100 - -2021?
2011121
In base 5, what is 3 + -100404?
-100401
In base 6, what is -11 + 21510?
21455
In base 11, what is -219 + 38?
-191
In base 10, what is 18 + -51928?
-51910
In base 2, what is -10000001 + -1001110111000?
-1010000111001
In base 14, what is 42a4 + -64?
4